{"id":1882,"date":"2013-03-11T19:44:23","date_gmt":"2013-03-11T19:44:23","guid":{"rendered":"http:\/\/www.sdtorrelavega.com\/sdt\/?page_id=1882"},"modified":"2025-09-12T18:41:55","modified_gmt":"2025-09-12T18:41:55","slug":"escalada-2","status":"publish","type":"page","link":"http:\/\/www.sdtorrelavega.com\/sdt\/?page_id=1882","title":{"rendered":"Escalada"},"content":{"rendered":"\n<figure class=\"wp-block-image size-large is-resized\"><img decoding=\"async\" loading=\"lazy\" src=\"http:\/\/www.sdtorrelavega.com\/sdt\/wp-content\/uploads\/2025\/09\/CartelEscaladaSilio_2025-683x1024.jpg\" alt=\"\" class=\"wp-image-17674\" width=\"512\" height=\"768\" srcset=\"http:\/\/www.sdtorrelavega.com\/sdt\/wp-content\/uploads\/2025\/09\/CartelEscaladaSilio_2025-683x1024.jpg 683w, http:\/\/www.sdtorrelavega.com\/sdt\/wp-content\/uploads\/2025\/09\/CartelEscaladaSilio_2025-200x300.jpg 200w, http:\/\/www.sdtorrelavega.com\/sdt\/wp-content\/uploads\/2025\/09\/CartelEscaladaSilio_2025-768x1152.jpg 768w, http:\/\/www.sdtorrelavega.com\/sdt\/wp-content\/uploads\/2025\/09\/CartelEscaladaSilio_2025.jpg 1024w\" sizes=\"(max-width: 512px) 100vw, 512px\" \/><\/figure>\n\n\n\n<p class=\"has-text-align-center\"><\/p>\n\n\n\n<div class=\"wp-block-group is-layout-constrained\"><div class=\"wp-block-group__inner-container\">\n<p>Saludos Escaladores.<\/p>\n\n\n\n<p>Este a\u00f1o repetimos con otra edici\u00f3n del Marat\u00f3n de Escalada de Silio y este a\u00f1o aunque ha vuelto a haber cambios en la estructura del club, organizamos la duod\u00e9cima edici\u00f3n.<\/p>\n\n\n\n<p>La mentalidad de esta prueba es que tanto participantes como acompa\u00f1antes disfruten de una jornada de compa\u00f1erismo practicando el deporte que m\u00e1s los apasiona, y que puedan compartir estupendas experiencias ese d\u00eda. La participaci\u00f3n este a\u00f1os es de <strong>10\u20ac persona \/ 20\u20ac cordada<\/strong>, que es para cubrir los gastos que genera el evento, adem\u00e1s de conseguir que todos pasemos un buen d\u00eda, en caso de que una persona no este federada o cubierta por seguro de accidentes, se contratar\u00e1 un seguro para dicha persona con un coste de<strong> 5\u20ac, a a\u00f1adir a lo anterior<\/strong>. Por supuesto, hay que agradecer a todos los patrocinadores que colaboran con nosotros por los premios para los participantes.<\/p>\n\n\n\n<p>Aunque es una competici\u00f3n, no pretendemos que los participantes la consideren una carrera, sino que  la puedan considerar un juego en el que al final del d\u00eda todos ser\u00e1n ganadores, unos m\u00e1s que otros, pero todos ganadores.<\/p>\n\n\n\n<p>Es un buen momento para que aquellos que est\u00e1n durante la semana en el rocodromo, puedan probar sus avances en una escuela de escalada que tiene una gran variedad de grados. Tambi\u00e9n aquellos que suelen hacer escalada alpina podr\u00e1n escalar las v\u00edas sin equipar. Las v\u00edas que est\u00e1n sin equipar tienen mayor puntuaci\u00f3n que las equipadas.<\/p>\n\n\n\n<p>Os ponemos una breve descripci\u00f3n de la Escuela de Escalada de Silio, que tiene escrito Sergio Torio en su pagina web<\/p>\n\n\n\n<p><strong>\u00ab<\/strong>Hablar de la zona de escalada de Sili\u00f3 (tiene tambi\u00e9n los nombres &nbsp;de Pe\u00f1a Mayor, el Cant\u00f3n y Pe\u00f1a los Moros) es hablar de la mejor zona de escalada de la comarca del Besaya. Una de las m\u00e1s antiguas &nbsp;escuelas de escalada de Cantabria, las primeras v\u00edas se abrieron en los a\u00f1os setenta. Por ella han pasado varias generaciones de escaladores: la \u00e9poca de la bota dura y los clavos artesanales, el boom de la escalada deportiva y los spits, una d\u00e9cada muy poco frecuentada y, ahora, vemos como la zona cobra aires renovados.\u00bb. <a href=\"https:\/\/altiusaventura.wordpress.com\/2011\/11\/11\/zona-de-escalada-de-silio\/\">https:\/\/altiusaventura.wordpress.com\/2011\/11\/11\/zona-de-escalada-de-silio\/<\/a><\/p>\n\n\n\n<p>Con todo esto, esperamos que est\u00e1 actividad que proponemos sea de vuestro agrado<strong>.<\/strong><\/p>\n\n\n\n<p><\/p>\n\n\n\n<p class=\"has-text-align-center\"><strong>Reglamento<\/strong><\/p>\n<\/div><\/div>\n\n\n\n<figure class=\"wp-block-image size-large is-resized\"><img decoding=\"async\" loading=\"lazy\" src=\"http:\/\/www.sdtorrelavega.com\/sdt\/wp-content\/uploads\/2025\/09\/Puntuacion-vias-y-reglamento-Silio-_2025-0002-724x1024.png\" alt=\"\" class=\"wp-image-17680\" width=\"543\" height=\"768\" srcset=\"http:\/\/www.sdtorrelavega.com\/sdt\/wp-content\/uploads\/2025\/09\/Puntuacion-vias-y-reglamento-Silio-_2025-0002-724x1024.png 724w, http:\/\/www.sdtorrelavega.com\/sdt\/wp-content\/uploads\/2025\/09\/Puntuacion-vias-y-reglamento-Silio-_2025-0002-212x300.png 212w, http:\/\/www.sdtorrelavega.com\/sdt\/wp-content\/uploads\/2025\/09\/Puntuacion-vias-y-reglamento-Silio-_2025-0002-768x1087.png 768w, http:\/\/www.sdtorrelavega.com\/sdt\/wp-content\/uploads\/2025\/09\/Puntuacion-vias-y-reglamento-Silio-_2025-0002-1085x1536.png 1085w, http:\/\/www.sdtorrelavega.com\/sdt\/wp-content\/uploads\/2025\/09\/Puntuacion-vias-y-reglamento-Silio-_2025-0002-1447x2048.png 1447w\" sizes=\"(max-width: 543px) 100vw, 543px\" \/><\/figure>\n\n\n\n<p class=\"has-text-align-center\"><strong>Puntuaciones<\/strong><\/p>\n\n\n\n<p>Se est\u00e1n revisando las v\u00edas, por lo que las puntuaciones est\u00e1n siendo revisadas y pueden variar de las que presentamos en este momento, se informara a todos los participantes el d\u00eda de la competici\u00f3n los cambios que se hayan producido.<\/p>\n\n\n\n<figure class=\"wp-block-image size-large is-resized\"><img decoding=\"async\" loading=\"lazy\" src=\"http:\/\/www.sdtorrelavega.com\/sdt\/wp-content\/uploads\/2025\/09\/Puntuacion-vias-Silio-_2025-724x1024.png\" alt=\"\" class=\"wp-image-17666\" width=\"543\" height=\"768\" srcset=\"http:\/\/www.sdtorrelavega.com\/sdt\/wp-content\/uploads\/2025\/09\/Puntuacion-vias-Silio-_2025-724x1024.png 724w, http:\/\/www.sdtorrelavega.com\/sdt\/wp-content\/uploads\/2025\/09\/Puntuacion-vias-Silio-_2025-212x300.png 212w, http:\/\/www.sdtorrelavega.com\/sdt\/wp-content\/uploads\/2025\/09\/Puntuacion-vias-Silio-_2025-768x1087.png 768w, http:\/\/www.sdtorrelavega.com\/sdt\/wp-content\/uploads\/2025\/09\/Puntuacion-vias-Silio-_2025-1086x1536.png 1086w, http:\/\/www.sdtorrelavega.com\/sdt\/wp-content\/uploads\/2025\/09\/Puntuacion-vias-Silio-_2025-1447x2048.png 1447w, http:\/\/www.sdtorrelavega.com\/sdt\/wp-content\/uploads\/2025\/09\/Puntuacion-vias-Silio-_2025.png 1653w\" sizes=\"(max-width: 543px) 100vw, 543px\" \/><\/figure>\n\n\n\n<p class=\"has-text-align-center\"><strong>Croquis de Escalada<\/strong><\/p>\n\n\n\n<figure class=\"wp-block-image size-large is-resized\"><img decoding=\"async\" loading=\"lazy\" src=\"http:\/\/www.sdtorrelavega.com\/sdt\/wp-content\/uploads\/2025\/09\/CROQUIS-EL-CANTON-SILIO_2025_Pagina_1-1024x764.png\" alt=\"\" class=\"wp-image-17667\" width=\"768\" height=\"573\" srcset=\"http:\/\/www.sdtorrelavega.com\/sdt\/wp-content\/uploads\/2025\/09\/CROQUIS-EL-CANTON-SILIO_2025_Pagina_1-1024x764.png 1024w, http:\/\/www.sdtorrelavega.com\/sdt\/wp-content\/uploads\/2025\/09\/CROQUIS-EL-CANTON-SILIO_2025_Pagina_1-300x224.png 300w, http:\/\/www.sdtorrelavega.com\/sdt\/wp-content\/uploads\/2025\/09\/CROQUIS-EL-CANTON-SILIO_2025_Pagina_1-768x573.png 768w, http:\/\/www.sdtorrelavega.com\/sdt\/wp-content\/uploads\/2025\/09\/CROQUIS-EL-CANTON-SILIO_2025_Pagina_1-1536x1147.png 1536w, http:\/\/www.sdtorrelavega.com\/sdt\/wp-content\/uploads\/2025\/09\/CROQUIS-EL-CANTON-SILIO_2025_Pagina_1-2048x1529.png 2048w, http:\/\/www.sdtorrelavega.com\/sdt\/wp-content\/uploads\/2025\/09\/CROQUIS-EL-CANTON-SILIO_2025_Pagina_1-160x120.png 160w\" sizes=\"(max-width: 768px) 100vw, 768px\" \/><\/figure>\n\n\n\n<figure class=\"wp-block-image size-large is-resized\"><img decoding=\"async\" loading=\"lazy\" src=\"http:\/\/www.sdtorrelavega.com\/sdt\/wp-content\/uploads\/2025\/09\/CROQUIS-EL-CANTON-SILIO_2025_Pagina_2-1024x724.png\" alt=\"\" class=\"wp-image-17668\" width=\"768\" height=\"543\" srcset=\"http:\/\/www.sdtorrelavega.com\/sdt\/wp-content\/uploads\/2025\/09\/CROQUIS-EL-CANTON-SILIO_2025_Pagina_2-1024x724.png 1024w, http:\/\/www.sdtorrelavega.com\/sdt\/wp-content\/uploads\/2025\/09\/CROQUIS-EL-CANTON-SILIO_2025_Pagina_2-300x212.png 300w, http:\/\/www.sdtorrelavega.com\/sdt\/wp-content\/uploads\/2025\/09\/CROQUIS-EL-CANTON-SILIO_2025_Pagina_2-768x543.png 768w, http:\/\/www.sdtorrelavega.com\/sdt\/wp-content\/uploads\/2025\/09\/CROQUIS-EL-CANTON-SILIO_2025_Pagina_2-1536x1086.png 1536w, http:\/\/www.sdtorrelavega.com\/sdt\/wp-content\/uploads\/2025\/09\/CROQUIS-EL-CANTON-SILIO_2025_Pagina_2-2048x1448.png 2048w\" sizes=\"(max-width: 768px) 100vw, 768px\" \/><\/figure>\n\n\n\n<p class=\"has-text-align-center\"><strong>Consentimiento Informado<\/strong><\/p>\n\n\n\n<p><strong>A todos los participantes se les entregar\u00e1 el consentimiento informado para que lo puedan leer y firmar.<\/strong><\/p>\n\n\n\n<figure class=\"wp-block-image size-large is-resized\"><img decoding=\"async\" loading=\"lazy\" src=\"http:\/\/www.sdtorrelavega.com\/sdt\/wp-content\/uploads\/2025\/09\/Consentimiento-Silio-728x1024.png\" alt=\"\" class=\"wp-image-17669\" width=\"546\" height=\"768\" srcset=\"http:\/\/www.sdtorrelavega.com\/sdt\/wp-content\/uploads\/2025\/09\/Consentimiento-Silio-728x1024.png 728w, http:\/\/www.sdtorrelavega.com\/sdt\/wp-content\/uploads\/2025\/09\/Consentimiento-Silio-213x300.png 213w, http:\/\/www.sdtorrelavega.com\/sdt\/wp-content\/uploads\/2025\/09\/Consentimiento-Silio-768x1080.png 768w, http:\/\/www.sdtorrelavega.com\/sdt\/wp-content\/uploads\/2025\/09\/Consentimiento-Silio-1092x1536.png 1092w, http:\/\/www.sdtorrelavega.com\/sdt\/wp-content\/uploads\/2025\/09\/Consentimiento-Silio-1456x2048.png 1456w, http:\/\/www.sdtorrelavega.com\/sdt\/wp-content\/uploads\/2025\/09\/Consentimiento-Silio.png 1654w\" sizes=\"(max-width: 546px) 100vw, 546px\" \/><\/figure>\n\n\n\n<p class=\"has-text-align-center\"><strong>Inscripciones<\/strong><\/p>\n\n\n\n<p>El n\u00famero de cordadas ser\u00e1 de un <strong>m\u00e1ximo de 20 debido <\/strong>a las dimensiones de la escuela y por comodidad de los participantes.&nbsp;<\/p>\n\n\n\n<p><strong>Es Obligatorio para participar estar federado o estar cubierto por alg\u00fan tipo de seguro, en caso de no ser as\u00ed se sacar\u00e1 un seguro de d\u00eda, cuyo coste hay que a\u00f1adir al de la inscripci\u00f3n.<\/strong><\/p>\n\n\n\n<p>Hay que hacer la inscripci\u00f3n por el formulario habilitado en el siguiente<strong> <a href=\"https:\/\/docs.google.com\/forms\/d\/1A07YPeOs-c4ysRhkkR6fMYTFVyHbyZ_MKtbTPYgfitU\/edit\">ENLACE<\/a> <\/strong>y pagar el coste de inscripci\u00f3n (<strong>20\u20ac cordada<\/strong> y 5 \u20ac adicionales por seguro de d\u00eda \/ persona que haya que tramitar) haciendo un ingreso a la cuenta del club <strong>ES26 0049 3897 2621 1437 2261<\/strong> en <strong>concepto<\/strong> poner <strong>Silio y el nombre de la cordada<\/strong><\/p>\n\n\n\n<p> En caso de duda o consulta escribir al e-mail a&nbsp;<a href=\"mailto:info@sdtorrelavega.com\">info@sdtorrelavega.com<\/a>, <\/p>\n\n\n\n<p>La entrega de dorsales, consignas y reglamento se har\u00e1 en la propia escuela a pie de v\u00eda.<\/p>\n\n\n\n<p>Al apuntaros por email deber\u00e9is adjuntar una imagen del carnet de federado, los datos de los dos participantes y el nombre de la cordada.<strong>&nbsp;<\/strong><\/p>\n\n\n\n<p><strong>La entrega de dorsales se har\u00e1 desde las 9:00 hasta las 10:00 horas.<\/strong><\/p>\n\n\n\n<p><strong>A las 10:00 comenzar\u00e1 la marat\u00f3n y el pitido final se dar\u00e1 a las 17:00.<br><br><\/strong><\/p>\n\n\n\n<p class=\"has-text-align-center\"><strong>Colaboradores<\/strong><\/p>\n\n\n<div class=\"wp-block-image is-style-default\">\n<figure class=\"alignleft size-full\"><img decoding=\"async\" src=\"http:\/\/www.sdtorrelavega.com\/sdt\/wp-content\/uploads\/2023\/10\/LogoEiger.png\" alt=\"\" class=\"wp-image-16603\"\/><\/figure><\/div>\n\n<div class=\"wp-block-image\">\n<figure class=\"alignleft size-full\"><img decoding=\"async\" src=\"http:\/\/www.sdtorrelavega.com\/sdt\/wp-content\/uploads\/2023\/10\/LogoQuality.png\" alt=\"\" class=\"wp-image-16606\"\/><\/figure><\/div>\n\n\n<figure class=\"wp-block-image size-full\"><img decoding=\"async\" src=\"http:\/\/www.sdtorrelavega.com\/sdt\/wp-content\/uploads\/2023\/10\/LogoK2.png\" alt=\"\" class=\"wp-image-16604\"\/><\/figure>\n\n\n\n<figure class=\"wp-block-image size-full\"><img decoding=\"async\" src=\"http:\/\/www.sdtorrelavega.com\/sdt\/wp-content\/uploads\/2023\/10\/LogoPinGo.png\" alt=\"\" class=\"wp-image-16607\"\/><\/figure>\n\n\n<div class=\"wp-block-image\">\n<figure class=\"alignright size-full\"><img decoding=\"async\" src=\"http:\/\/www.sdtorrelavega.com\/sdt\/wp-content\/uploads\/2023\/10\/LogoAltius.png\" alt=\"\" class=\"wp-image-16602\"\/><\/figure><\/div>\n\n\n<figure class=\"wp-block-image size-full\"><img decoding=\"async\" loading=\"lazy\" width=\"238\" height=\"250\" src=\"http:\/\/www.sdtorrelavega.com\/sdt\/wp-content\/uploads\/2011\/01\/Logo-Federacion-Monta\u00f1a.jpg\" alt=\"\" class=\"wp-image-2718\"\/><\/figure>\n","protected":false},"excerpt":{"rendered":"<p>Saludos Escaladores. Este a\u00f1o repetimos con otra edici\u00f3n del Marat\u00f3n de Escalada de Silio y este a\u00f1o aunque ha vuelto a haber cambios en la estructura del club, organizamos la duod\u00e9cima edici\u00f3n. La mentalidad de esta prueba es que tanto participantes como acompa\u00f1antes disfruten de una jornada de compa\u00f1erismo practicando el deporte que m\u00e1s los&nbsp;<a href=\"http:\/\/www.sdtorrelavega.com\/sdt\/?page_id=1882\" class=\"read-more\">Seguir leyendo<\/a><\/p>\n","protected":false},"author":1,"featured_media":0,"parent":0,"menu_order":0,"comment_status":"closed","ping_status":"closed","template":"","meta":[],"_links":{"self":[{"href":"http:\/\/www.sdtorrelavega.com\/sdt\/index.php?rest_route=\/wp\/v2\/pages\/1882"}],"collection":[{"href":"http:\/\/www.sdtorrelavega.com\/sdt\/index.php?rest_route=\/wp\/v2\/pages"}],"about":[{"href":"http:\/\/www.sdtorrelavega.com\/sdt\/index.php?rest_route=\/wp\/v2\/types\/page"}],"author":[{"embeddable":true,"href":"http:\/\/www.sdtorrelavega.com\/sdt\/index.php?rest_route=\/wp\/v2\/users\/1"}],"replies":[{"embeddable":true,"href":"http:\/\/www.sdtorrelavega.com\/sdt\/index.php?rest_route=%2Fwp%2Fv2%2Fcomments&post=1882"}],"version-history":[{"count":463,"href":"http:\/\/www.sdtorrelavega.com\/sdt\/index.php?rest_route=\/wp\/v2\/pages\/1882\/revisions"}],"predecessor-version":[{"id":17681,"href":"http:\/\/www.sdtorrelavega.com\/sdt\/index.php?rest_route=\/wp\/v2\/pages\/1882\/revisions\/17681"}],"wp:attachment":[{"href":"http:\/\/www.sdtorrelavega.com\/sdt\/index.php?rest_route=%2Fwp%2Fv2%2Fmedia&parent=1882"}],"curies":[{"name":"wp","href":"https:\/\/api.w.org\/{rel}","templated":true}]}}